in base 14?
-506b0
-22001002110012 (base 3) to base 13
-b67c02
Convert 436059 (base 10) to base 13.
123630
4006202 (base 11) to base 13
161521a
What is -20202222102200 (base 3) in base 16?
-36f4a7
Convert -4ac553 (base 13) to base 16.
-1b6fab
Convert 10016521 (base 8) to base 7.
23614012
40616553 (base 7) to base 2
1100111110000001001100
What is -3115000 (base 6) in base 9?
-247830
What is -45122003 (base 6) in base 4?
-11030331303
What is -1268336 (base 9) in base 11?
-4351a0
-18b65 (base 13) to base 9
-72851
What is -332113031120 (base 4) in base 2?
-111110010111001101011000
Convert a32ac (base 14) to base 6.
12231052
Convert -100010010011101100100 (base 2) to base 11.
-6a8697
What is -101131212 (base 4) in base 16?
-11766
What is 203313323 (base 5) in base 16?
ccbbc
Convert -215642 (base 14) to base 12.
-46544a
8c01 (base 16) to base 3
1211011110
What is -309355 (base 10) in base 3?
-120201100121
-7bd1b (base 16) to base 15
-a040d
Convert 16b29b (base 14) to base 4.
3003010321
What is a1452 (base 11) in base 16?
2433a
What is 4c8a45 (base 13) in base 12?
750bb7
What is 2c2938 (base 13) in base 4?
10022123100
Convert 783bd8 (base 16) to base 15.
a59a95
-1645744 (base 10) to base 8
-6216260
Convert 1875a60 (base 11) to base 5.
1302423022
Convert -20133113 (base 4) to base 11.
-24144
-12211120122 (base 3) to base 12
-5658b
What is -10b3469 (base 12) in base 6?
-153003013
What is -710538 (base 14) in base 15?
-502294
Convert -4115024 (base 7) to base 4.
-1320000101
What is 100000000100101010000010 (base 2) in base 10?
8407682
-100000021111100 (base 3) to base 14
-8c90ac
1915d (base 14) to base 6
1205251
110402214 (base 5) to base 9
813515
Convert 67395 (base 11) to base 14.
27818
Convert 21121011122 (base 3) to base 15.
2e4b5
30016302 (base 7) to base 9
4582343
What is -53711 (base 9) in base 2?
-1000101011110001
What is 110010101000010011 (base 2) in base 3?
101112110201
What is 452103 (base 6) in base 10?
38055
1302223033 (base 4) to base 16
72acf
Convert -11e97e (base 16) to base 8.
-4364576
Convert 111100101011101110 (base 2) to base 6.
5154422
Convert -231222200000 (base 4) to base 13.
-2631794
Convert 100210122 (base 3) to base 4.
1233221
Convert 212111220122 (base 3) to base 15.
9221b
Convert -10e47 (base 16) to base 5.
-4203231
-44ee (base 16) to base 5
-1031041
What is 12031301103 (base 4) in base 2?
110001101110001010011
Convert -4ac3c (base 14) to base 7.
-1363005
What is -230012012 (base 5) in base 12?
-41030b
What is 1591585 (base 10) in base 7?
16346122
Convert 3120321222 (base 4) to base 7.
10360110
Convert -7522666 (base 9) to base 16.
-3d7ffa
Convert 222421530 (base 6) to base 5.
2013442101
What is -1b34cc (base 14) in base 12?
-3a9138
Convert -47b10 (base 16) to base 15.
-5c018
What is -4c37b (base 14) in base 10?
-187289
What is -2234b (base 14) in base 9?
-135734
What is 20201212201 (base 3) in base 5?
13220324
Convert 8956068 (base 11) to base 12.
5313610
What is 56096 (base 12) in base 13?
3cc69
-cbf742 (base 16) to base 7
-221422104
What is -210220313 (base 4) in base 3?
-21121212012
What is -1316b (base 14) in base 16?
-b75b
What is -31a0499 (base 12) in base 11?
-5350563
Convert -4333501 (base 7) to base 9.
-886287
Convert 10000110111110111 (base 2) to base 10.
69111
Convert 666653 (base 11) to base 2.
100000011100000001010
Convert 2112021100202 (base 3) to base 10.
1343810
What is 1031366 (base 7) in base 5?
13003030
10310100301 (base 4) to base 6
43021321
What is -20112222120110 (base 3) in base 11?
-1a6a2a0
What is 3b53a (base 12) in base 9?
134411
What is -19386 (base 10) in base 5?
-1110021
What is -33798 (base 11) in base 7?
-262323
Convert -206624 (base 8) to base 14.
-1b216
38243 (base 12) to base 5
4420441
Convert 300446 (base 8) to base 15.
1e333
What is -1ad390 (base 16) in base 5?
-422224341
Convert 2713e2 (base 16) to base 9.
4733018
Convert 103323020 (base 4) to base 8.
237310
20a39 (base 16) to base 15
29929
1282e96 (base 15) to base 8
62650200
What is -1101000000010000000111 (base 2) in base 6?
-201021543
What is -432a0 (base 12) in base 8?
-254730
Convert -87a6ca (base 16) to base 13.
-1ac35b8
What is 11201021011021 (base 3) in base 8?
11434377
What is -13033113 (base 5) in base 14?
-34559
Convert -1022151 (base 6) to base 16.
-c253
-213122211 (base 4) to base 8
-473245
-10010010010110111011111 (base 2) to base 13
-cbbbc2
1edf28 (base 16) to base 5
1004220313
Convert -21142544 (base 6) to base 3.
-1011111122201
-23a64 (base 16) to base 12
-70604
Convert 964793 (base 15) to base 10.
7153338
Convert 156c89 (base 16) to base 11.
879971
Convert -5554167 (base 9) to base 3.
-12121211012021
Convert 2023602 (base 10) to base 14.
3a9670
Convert 12022111110 (base 3) to base 10.
104610
What is -120dd (base 15) in base 6?
-1122331
What is -20102 (base 6) in base 4?
-221012
Convert 5985 (base 15) to base 4.
10221101
20310431 (base 5) to base 10
166366
Convert -a6136d (base 14) to base 11.
-3193559
What is 310102111 (base 5) in base 16?
13201e
What is 326326 (base 7) in base 16?
e068
-4222301020 (base 5) to base 11
-4a646a0
-1974c1 (base 15) to base 7
-13352206
Convert -26143356 (base 7) to base 8.
-11051500
Convert 642734 (base 8) to base 4.
310113130
10d733 (base 14) to base 15
b5528
6006202 (base 7) to base 16
acdd4
121165 (base 11) to base 6
4040120
What is 334447 (base 8) in base 2?
11011100100100111
Convert -6723453 (base 9) to base 3.
-20210210111210
-65793 (base 14) to base 12
-ba245
What is -2b837 (base 12) in base 9?
-103537
Convert 444243 (base 5) to base 8.
36325
11623124 (base 7) to base 10
1047932
What is -52502314 (base 6) in base 11?
-957371
Convert 121402134 (base 5) to base 2.
10001100011100111110
Convert b9eb8 (base 15) to base 16.
902ed
What is -4684324 (base 11) in base 14?
-112b527
What is -352110 (base 8) in base 5?
-12314010
What is 100100111111010100 (base 2) in base 10?
151508
Convert -111001011001101111 (base 2) to base 12.
-b4093
What is -24918 (base 14) in base 2?
-10101110111111010
Convert 261999 (base 11) to base 13.
11598c
-2021302001 (base 4) to base 3
-1001200010222
What is -35178c (base 16) in base 4?
-31101132030
What is -39b71 (base 13) in base 7?
-625066
Convert 11000000110111000011011 (base 2) to base 6.
343241335
240314333 (base 5) to base 10
1104343
What is 5040061 (base 9) in base 14?
4dbd4c
Convert 233301311 (base 4) to base 12.
95305
Convert 6021 (base 15) to base 8.
47471
Convert 102150141 (base 7) to base 8.
26777275
What is -3db75 (base 16) in base 9?
-424676
What is 10111010000100111 (base 2) in base 12?
47173
Convert 156423 (base 9) to base 13.
34c59
1111332020 (base 4) to base 11
220624
100111111000110011 (base 2) to base 8
477063
Convert -10110332 (base 5) to base 12.
-3b527
-1a9d48 (base 16) to base 4
-12221311020
What is -4791063 (base 11) in base 6?
-454522242
-1630017 (base 13) to base 12
-2484126
223111555 (base 6) to base 2
1111100001010011011111
-31224420 (base 7) to base 5
-1133101101
Convert 3d88b (base 14) to base 16.
25423
171110 (base 8) to base 16
f248
What is -5067556 (base 10) in base 3?
-100112110101021
Convert 13b98 (base 12) to base 2.
110101111100100
Convert -25540253 (base 7) to base 2.
-1000111000101000010010
-ba7a6 (base 12) to base 14
-65b9c
What is 201211221122102 (base 3) in base 16?
a0f76c
Convert -10154042 (base 6) to base 3.
-112222202222
What is 159dd5 (base 16) in base 4?
11121313111
Convert -1134562 (base 7) to base 9.
-237534
What is 21a0c32 (base 13) in base 2?
100111010101101110001110
Convert -168213 (base 9) to base 4.
-121133211
Convert 2a8931 (base 14) to base 6.
51444211
-20330100121 (base 4) to base 11
-1361064
What is -110001101111011011 (base 2) in base 3?
-101100110220
Convert -3339934 (base 11) to base 7.
-100523401
Convert 156b10 (base 12) to base 5.
43130401
What is -5414451 (base 6) in base 8?
-1010737
Convert 2251331 (base 7) to base 14.
747c1
Convert 165176 (base 12) to base 6.
12105030
Convert -430011 (base 7) to base 10.
-74439
What is 1ba616 (base 12) in base 4?
1320313302
Convert -4215354 (base 6) to base 16.
-31f96
What is -1232317 (base 10) in base 11?
-771949
-332223333 (base 4) to base 7
-2116410
Convert 202343110 (base 5) to base 13.
22b548
What is -423242441 (base 5) in base 14?
-342ab8
What is 12474314 